e 7, what is 1343 - 3?
1340
In base 5, what is -1343 - -3?
-1340
In base 14, what is 1 + -19?
-18
In base 10, what is -127 - -17?
-110
In base 8, what is -3 - 171?
-174
In base 11, what is -5 + 548?
543
In base 9, what is -280 + 0?
-280
In base 12, what is 0 - -390a?
390a
In base 4, what is 113 + -33?
20
In base 7, what is 0 - -2111?
2111
In base 4, what is 133 + 100?
233
In base 4, what is 0 - -12?
12
In base 3, what is 1201 + 10?
1211
In base 14, what is 27 - 19?
c
In base 7, what is 24 - 34?
-10
In base 9, what is 4 + 23?
27
In base 6, what is 30215 - -4?
30223
In base 7, what is 3 + 1536?
1542
In base 2, what is -101 + 110111110?
110111001
In base 4, what is 30011 - -2?
30013
In base 16, what is 6 + 6f4?
6fa
In base 11, what is -46 - -8?
-39
In base 15, what is 1e + 6?
25
In base 6, what is 11 - 1000?
-545
In base 6, what is 2 + 25241?
25243
In base 3, what is 212112 - -111?
220000
In base 13, what is 0 - 1a2?
-1a2
In base 11, what is -63 - -1?
-62
In base 5, what is -20 + -133?
-203
In base 5, what is 204 + -44?
110
In base 8, what is -2063 + -3?
-2066
In base 2, what is 111 + 1110110?
1111101
In base 11, what is 36 - -80?
106
In base 3, what is 0 - -11222?
11222
In base 3, what is 210 + 221?
1201
In base 12, what is -2 - -b65?
b63
In base 5, what is 2 - 304?
-302
In base 15, what is -5a12 - 4?
-5a16
In base 15, what is e99 + 0?
e99
In base 7, what is 1 + 23?
24
In base 12, what is 5 - -5?
a
In base 13, what is -2056 - -3?
-2053
In base 11, what is -1 - -aa8?
aa7
In base 12, what is 5 - 1?
4
In base 5, what is -20 - -1311?
1241
In base 13, what is -7 + 4?
-3
In base 14, what is 5 - 10?
-9
In base 2, what is 1 + -1001011111?
-1001011110
In base 16, what is -f82 + 4?
-f7e
In base 3, what is 10 - -10?
20
In base 6, what is 45 + -211?
-122
In base 6, what is -1153 + 40?
-1113
In base 15, what is e1 - -4?
e5
In base 11, what is 20 + 7?
27
In base 12, what is -4 - 5a?
-62
In base 3, what is -10 - -211?
201
In base 14, what is 5 - -68?
6d
In base 8, what is 3 + -12274?
-12271
In base 16, what is 4 - -133?
137
In base 3, what is 2010 + 2210?
11220
In base 10, what is 94 + -7?
87
In base 14, what is d4b - -2?
d4d
In base 7, what is -1625 + 11?
-1614
In base 9, what is 1641 - -5?
1646
In base 7, what is -10 + 10140?
10130
In base 11, what is -728 + -1?
-729
In base 15, what is -5 - -3e?
39
In base 16, what is 25 - 60?
-3b
In base 5, what is -141300 + -10?
-141310
In base 9, what is 1 - -40?
41
In base 6, what is 14 + -313?
-255
In base 11, what is a38 - -5?
a42
In base 10, what is -599 + -3?
-602
In base 8, what is -30 + -621?
-651
In base 5, what is -2 - -2143?
2141
In base 2, what is -11 - -1000100111?
1000100100
In base 6, what is -2 - 5504?
-5510
In base 7, what is 2354 - 26?
2325
In base 14, what is -5 + -53?
-58
In base 3, what is 201 - 12?
112
In base 13, what is -20 - 71?
-91
In base 12, what is -15 - 40?
-55
In base 16, what is -5 + 96?
91
In base 9, what is 267 - 0?
267
In base 11, what is 86 + 2?
88
In base 7, what is 5 + -106?
-101
In base 12, what is 1 - -190?
191
In base 9, what is 3 + 5?
8
In base 14, what is 19 + 0?
19
In base 11, what is -7 + 42?
36
In base 14, what is -8d8 + 5?
-8d3
In base 9, what is 27 - 485?
-457
In base 3, what is 12 - -111201?
111220
In base 14, what is -143 + 8?
-139
In base 14, what is 1 + -95?
-94
In base 14, what is -c52 - -1?
-c51
In base 8, what is 124 - 63?
41
In base 14, what is 172d + 1?
1730
In base 9, what is 506 + -57?
438
In base 6, what is -1254 - -4?
-1250
In base 4, what is 100 + 2?
102
In base 9, what is 3 - -3083?
3086
In base 14, what is 2 + 220?
222
In base 10, what is -5 - -157?
152
In base 10, what is 323 + 5?
328
In base 5, what is -4 + -4330?
-4334
In base 3, what is 11 - -200100?
200111
In base 11, what is 46 + 5?
50
In base 10, what is -1 + 45?
44
In base 7, what is -5 - -5053?
5045
In base 14, what is 3 + -c8?
-c5
In base 4, what is -2001211 - 10?
-2001221
In base 5, what is -20244 - 4?
-20303
In base 15, what is 1653 - -4?
1657
In base 9, what is -5536 + -1?
-5537
In base 12, what is -217 - 0?
-217
In base 15, what is -4 + -a?
-e
In base 15, what is -3 + e4?
e1
In base 2, what is 110101111 + 1?
110110000
In base 15, what is 5 - -434?
439
In base 7, what is 2151 - 16?
2132
In base 5, what is 3 - -323?
331
In base 15, what is -b9 - 20?
-d9
In base 14, what is -c - 2?
-10
In base 11, what is 4 - -34?
38
In base 16, what is -20 - 7b?
-9b
In base 2, what is -110000010 + -1?
-110000011
In base 2, what is -1000100101010 - 0?
-1000100101010
In base 11, what is -124 - 3a?
-163
In base 3, what is -20 - 10022?
-10112
In base 15, what is 2a1 - -1?
2a2
In base 10, what is -5 - -11?
6
In base 6, what is -1120 - 33?
-1153
In base 9, what is 15 - 37?
-22
In base 7, what is 13651 - 5?
13643
In base 15, what is 14c1 - -1?
14c2
In base 5, what is 203 - 103?
100
In base 12, what is 0 + b4?
b4
In base 12, what is 24 + 3?
27
In base 3, what is 2 - -102222?
110001
In base 4, what is -2110210 - 1?
-2110211
In base 4, what is 3202 + 1?
3203
In base 6, what is 5 - -32523?
32532
In base 15, what is -5 + 3?
-2
In base 6, what is -1 - 3121?
-3122
In base 3, what is -22 - -2202?
2110
In base 15, what is 3 + 66?
69
In base 8, what is 5 - 12?
-5
In base 5, what is 32311 - 0?
32311
In base 14, what is 1b + -12?
9
In base 5, what is 242303 - -10?
242313
In base 10, what is 76 - 104?
-28
In base 16, what is -b - 25?
-30
In base 16, what is 295d - 0?
295d
In base 14, what is 3 + 249?
24c
In base 16, what is -32e + 3?
-32b
In base 7, what is -14 - 113?
-130
In base 7, what is 2114 + -5?
2106
In base 13, what is 2 - 19?
-17
In base 11, what is -1 + -16a1?
-16a2
In base 3, what is 112 - -10112?
11001
In base 7, what is 0 - 515?
-515
In base 14, what is -61a - 1?
-61b
In base 14, what is -d739 + -3?
-d73c
In base 14, what is -30 + 13?
-1b
In base 6, what is 2 - -21042?
21044
In base 5, what is 3 + 301?
304
In base 8, what is -10 + -66?
-76
In base 12, what is 12 - 46?
-34
In base 13, what is -9 + -aa?
-b6
In base 3, what is 101012 - 12?
101000
In base 12, what is a6 - -5?
ab
In base 15, what is -3906 + -1?
-3907
In base 6, what is -1 + 10504?
10503
In base 3, what is 10 + -1002?
-222
In base 14, what is 11cd + 3?
11d2
In base 4, what is 2 + -20002?
-20000
In base 15, what is 26ad - 4?
26a9
In base 2, what is -11 - 111?
-1010
In base 8, what is 3344 + -4?
3340
In base 3, what is 1210 + -20?
1120
In base 16, what is -2 + 14?
12
In base 5, what is 14 - 33?
-14
In base 11, what is 638 + -9?
62a
In base 10, what is 3 + -597?
-594
In base 10, what is -4 - 5?
-9
In base 8, what is -4 + -546?
-552
In base 9, what is -81 - -5?
-75
In base 16, what is -45 - 2?
-47
In base 13, what is 1 + -83?
-82
In base 11, what is -18a56 - 1?
-18a57
In base 4, what is 11 - -11333?
12010
In base 11, what is 319 + -3?
316
In base 4, what is -22312 + 2?
-22310
In base 2, what is 10 + 110111?
111001
In base 13, what is -4 + 33?
2c
In base 9, what is 0 + 462?
462
In base 15, what is -3 - -5c9?
5c6
In base 9, what is -548 - 1?
-550
In base 4, what is 10 - -321?
331
In base 11, what is 101 - -5?
106
In base 2, what is 100 + -11111100?
-11111000
In base 9, what is 13 - 384?
-371
In base 6, what is 110 - -3?
113
In base 7, what is 622 + 30?
652
In base 3, what is -11 + -2210?
-2221
In base 3, what is -12 - -20000111?
20000022
In base 15, what is 5 - 3b4?
-3ae
In base 5, what is 343 + 4?
402
In base 9, what is -63 - 0?
-63
In base 10, what is 7 + 9?
16
In base 13, what is 11a1 - -1?
11a2
In base 4, what is 2 - 3230?
-3222
In base 4, what is -10 + 1320?
1310
In base 8, what is 0 + 30?
30
In base 13, what is 0 + 6?
6
In base 6, what is -41 - 22?
-103
In base 9, what is 3 - -28?
32
In base 10, what is 283 - 2?
281
In base 15, what is 0 - da?
-da
In base 9, what is -4 + 116?
112
In base 15, what is b4 + -1?
b3
In base 6, what is -454 - -5?
-445
In base 10, what is 2 - 106?
-104
In base 11, what is 2 + -13?
-11
In base 9, what is -1 - 3411?
-3412
In base 4, what is 122 - -130?
312
In base 7, what is 1200 - -14?
1214
In base 7, what is -115 + -26?
-144
In base 13, what is 55 - 0?
55
In base 14, what is a3 - -5?
a8
In base 5, what is -10 - -4133?
4123
In base 8, what is 0 + -56?
-56
In base 13, what is 7b + -7a?
1
In base 2, what is -111101 - 101111110?
-11